ivide 14012?
False
Does 14 divide 1338390?
False
Does 9 divide 184345?
False
Does 38 divide 145122?
True
Is 13 a factor of 154661?
True
Is 9 a factor of 477954?
True
Is 1919436 a multiple of 68?
True
Is 6934542 a multiple of 843?
False
Is 56370 a multiple of 7?
False
Is 9397140 a multiple of 15?
True
Does 278 divide 4512922?
False
Is 60 a factor of 157763?
False
Does 34 divide 58956?
True
Does 6 divide 1336212?
True
Does 19 divide 142064?
False
Does 1141 divide 11013118?
False
Does 444 divide 59052?
True
Does 221 divide 2565147?
True
Is 410 a factor of 40590?
True
Does 9 divide 89658?
True
Does 23 divide 116938?
False
Is 95564 a multiple of 12?
False
Is 448484 a multiple of 351?
False
Is 13 a factor of 4971?
False
Is 12 a factor of 11548489?
False
Is 76 a factor of 11818912?
True
Is 608 a factor of 6219840?
True
Is 805 a factor of 4118379?
False
Is 9 a factor of 755415?
True
Does 263 divide 1125377?
True
Is 23 a factor of 311098?
True
Is 309176 a multiple of 28?
True
Does 18 divide 69192?
True
Is 18 a factor of 625212?
True
Is 1264 a factor of 2448368?
True
Does 38 divide 184599?
False
Is 211778 a multiple of 98?
True
Is 340 a factor of 683703?
False
Is 1135 a factor of 5645490?
True
Is 195208 a multiple of 11?
False
Does 171 divide 647139?
False
Does 63 divide 1495824?
False
Is 225040 a multiple of 20?
True
Does 22 divide 426140?
True
Is 128 a factor of 1073664?
True
Is 114883 a multiple of 10?
False
Is 46592 a multiple of 56?
True
Does 340 divide 1162120?
True
Is 354 a factor of 1457418?
True
Does 9 divide 5925053?
False
Is 374167 a multiple of 10?
False
Is 186 a factor of 3032536?
False
Is 28 a factor of 679532?
True
Does 29 divide 1555763?
True
Is 1140 a factor of 9930540?
True
Is 864120 a multiple of 10?
True
Does 122 divide 27558?
False
Is 111650 a multiple of 126?
False
Does 21 divide 292941?
False
Is 495 a factor of 3050418?
False
Is 25 a factor of 5272?
False
Does 242 divide 368566?
True
Does 123 divide 306453?
False
Is 297 a factor of 1491642?
False
Does 232 divide 103240?
True
Is 38 a factor of 43140?
False
Is 1192589 a multiple of 9?
False
Does 247 divide 744648?
False
Does 197 divide 5708863?
True
Does 9 divide 41724?
True
Is 627429 a multiple of 101?
False
Is 1250529 a multiple of 987?
True
Does 47 divide 86505?
False
Does 5 divide 1766296?
False
Is 1203061 a multiple of 69?
False
Is 589 a factor of 2218174?
True
Is 395295 a multiple of 19?
True
Is 452088 a multiple of 23?
True
Is 191179 a multiple of 11?
False
Is 240 a factor of 33485080?
False
Does 287 divide 900229?
False
Is 5446704 a multiple of 76?
False
Is 9 a factor of 6895026?
True
Is 1172093 a multiple of 930?
False
Is 134862 a multiple of 608?
False
Does 236 divide 26904?
True
Is 18 a factor of 819162?
True
Is 962297 a multiple of 41?
False
Does 22 divide 215581?
False
Does 121 divide 245872?
True
Is 609454 a multiple of 23?
True
Is 112705 a multiple of 4?
False
Does 15 divide 84240?
True
Is 2016450 a multiple of 528?
False
Is 3778157 a multiple of 13?
False
Does 88 divide 50739?
False
Is 12 a factor of 9607944?
True
Does 31 divide 9423783?
True
Does 96 divide 215926?
False
Is 5 a factor of 14732?
False
Does 7 divide 271340?
False
Is 39 a factor of 173667?
True
Does 76 divide 194063?
False
Is 98 a factor of 8401148?
True
Is 506898 a multiple of 447?
True
Is 186213 a multiple of 95?
False
Is 27 a factor of 150486?
False
Is 254624 a multiple of 141?
False
Is 16 a factor of 156015?
False
Is 2274879 a multiple of 617?
True
Is 3 a factor of 30265?
False
Does 335 divide 187620?
False
Is 76 a factor of 29792?
True
Is 1194246 a multiple of 62?
False
Is 281 a factor of 1968124?
True
Does 25 divide 105400?
True
Does 125 divide 362755?
False
Is 38 a factor of 631940?
True
Does 36 divide 6876309?
False
Is 2685 a factor of 23818558?
False
Is 94 a factor of 6940020?
True
Does 52 divide 415688?
True
Is 75913 a multiple of 99?
False
Does 144 divide 5986800?
True
Is 1037 a factor of 5524978?
False
Does 5 divide 5099817?
False
Is 36 a factor of 39737?
False
Does 598 divide 1626560?
True
Is 727590 a multiple of 614?
True
Does 15 divide 62715?
True
Is 17 a factor of 1534233?
True
Does 527 divide 9447333?
False
Is 46 a factor of 9991370?
False
Is 106 a factor of 251224?
False
Does 625 divide 851250?
True
Is 2586854 a multiple of 41?
True
Is 48 a factor of 8784?
True
Is 1187046 a multiple of 14?
True
Is 2 a factor of 354832?
True
Does 46 divide 2398094?
False
Is 819 a factor of 6737913?
True
Is 70 a factor of 6822413?
False
Is 1558815 a multiple of 85?
True
Is 237 a factor of 349575?
True
Does 129 divide 3517892?
False
Does 134 divide 170024?
False
Is 779175 a multiple of 25?
True
Is 40 a factor of 81520?
True
Is 191 a factor of 271602?
True
Does 5 divide 4530925?
True
Does 27 divide 3829435?
False
Is 4 a factor of 2951478?
False
Is 35 a factor of 492202?
False
Does 69 divide 547722?
True
Does 88 divide 2448651?
False
Does 3 divide 36287?
False
Is 4710303 a multiple of 317?
True
Is 11 a factor of 4084503?
False
Is 2362 a factor of 2081796?
False
Does 117 divide 96068?
False
Is 1595942 a multiple of 10?
False
Is 122720 a multiple of 40?
True
Is 550282 a multiple of 1094?
True
Does 46 divide 3852178?
True
Does 17 divide 69581?
True
Is 48 a factor of 3342432?
True
Is 122915 a multiple of 4?
False
Does 6 divide 1382790?
True
Is 30 a factor of 2199360?
True
Is 627144 a multiple of 15?
False
Does 378 divide 3381588?
True
Does 14 divide 8119888?
True
Is 327 a factor of 361335?
True
Does 11 divide 131230?
True
Does 14 divide 350153?
False
Is 10 a factor of 10050?
True
Is 125340 a multiple of 14?
False
Is 4554 a multiple of 2?
True
Is 287132 a multiple of 22?
False
Is 2110849 a multiple of 15?
False
Is 1142464 a multiple of 32?
True
Does 28 divide 3838668?
False
Does 116 divide 26062416?
True
Is 110 a factor of 400803?
False
Is 11206 a multiple of 169?
False
Is 461 a factor of 1681728?
True
Does 491 divide 1013424?
True
Is 114142 a multiple of 5?
False
Is 3442116 a multiple of 372?
True
Does 7 divide 1389378?
False
Does 324 divide 689643?
False
Does 578 divide 844679?
False
Is 184393 a multiple of 66?
False
Is 241 a factor of 59188?
False
Does 51 divide 2212686?
True
Is 1749000 a multiple of 600?
True
Is 199 a factor of 57710?
True
Is 204 a factor of 8102425?
False
Is 81 a factor of 30132?
True
Does 648 divide 4990896?
True
Is 4 a factor of 3226416?
True
Is 520606 a multiple of 11?
False
Does 99 divide 41976?
True
Is 20066 a multiple of 127?
True
Is 361855 a multiple of 42?
False
Is 54 a factor of 84535?
False
Is 329832 a multiple of 1018?
True
Does 307 divide 377917?
True
Is 335738 a multiple of 89?
False
Is 477 a factor of 5219277?
False
Is 22 a factor of 15293?
False
Does 65 divide 67210?
True
Is 16 a factor of 12384?
True
Is 307002 a multiple of 280?
False
Is 3258750 a multiple of 150?
True
Is 12 a factor of 458052?
True
Does 82 divide 9069301?
False
Is 6928022 a multiple of 17?
False
Does 50 divide 4750?
True
Does 264 divide 1027137?
False
Does 24 divide 1259832?
True
Is 510 a factor of 3062153?
False
Does 37 divide 5530160?
False
Is 2 a factor of 31564?
True
Is 455 a factor of 363732?
False
Does 83 divide 147740?
True
Does 15 divide 232837?
False
Is 37 a factor of 3065716?
False
Does 22 divide 94556?
True
Is 15067 a multiple of 13?
True
Does 430 divide 320780?
True
Does 15 divide 127494?
False
Is 24 a factor of 4339872?
True
Is 83 a factor of 57472?
False
Does 851 divide 3563975?
False
Is 1570730 a multiple of 70?
True
Is 45140 a multiple of 37?
True
Is 113985 a multiple of 255?
True
Is 4563936 a multiple of 39?
True
Does 731 divide 1873388?
False
Does 710 divide 1606020?
True
Is 50 a factor of 426600?
True
Is 1242364 a multiple of 167?
False
Is 9 a factor of 159570?
True
Does 34 divide 76398?
True
Does 249 divide 753826?
False
Is 78288 a multiple of 84?
True
Is 1484268 a multiple of 41?
False
Is 4016838 a multiple of 224?
False
Is 40 a factor of 298995?
False
Is 32 a factor of 3347376?
False
Does 20 divide 1050340?
True
Is 987762 a multiple of 6?
True
Is 149350 a multiple of 30?
False
Is 49 a factor of 23151493?
False
Is 2267895 a multiple of 23?
False
Is 80716 a multiple of 245?
False
Does 7 divide 144608?
False
Is 663 a factor of 3288480?
True
Is 125085 a multiple of 155?
True
Is 1201 a